what is 4606 - -3?
4609
In base 3, what is -22021101121 - -11?
-22021101110
In base 15, what is -304a + -14?
-305e
In base 4, what is -11103300 + 233?
-11103001
In base 9, what is -1 + -17186?
-17187
In base 12, what is -1b45 - -14b?
-19b6
In base 6, what is -42042324 - 0?
-42042324
In base 7, what is -353 - -33550?
33164
In base 14, what is 56479 - 4?
56475
In base 2, what is 1010010101111101 - 101?
1010010101111000
In base 7, what is 2210050 + -1?
2210046
In base 15, what is 2 + 1350?
1352
In base 15, what is 2 - -196dd?
196e0
In base 5, what is -210 + 30000?
24240
In base 3, what is 110 - 122022000?
-122021120
In base 16, what is c + -5da8?
-5d9c
In base 7, what is 5 - -3410006?
3410014
In base 3, what is -201110 + -22222?
-1001102
In base 13, what is -848 + 82?
-796
In base 3, what is 102020010 - -2200?
102022210
In base 6, what is -21 + 3425525?
3425504
In base 15, what is 10 + -2712?
-2702
In base 11, what is -10 + 1825a?
1824a
In base 13, what is 1 + -4949?
-4948
In base 14, what is 12333 + 5?
12338
In base 9, what is -465 + 3025?
2450
In base 12, what is -5 - -3700?
36b7
In base 3, what is 11 + -10002112102?
-10002112021
In base 15, what is -2de76 + -2?
-2de78
In base 16, what is -2fee - -1?
-2fed
In base 14, what is -5ac5bc - 3?
-5ac5c1
In base 7, what is 1521446 - 4?
1521442
In base 14, what is 4 - -1a9bd?
1a9c3
In base 3, what is 10100110 + 202002?
11002112
In base 11, what is -3597 + 125?
-3472
In base 4, what is -233 + 3323?
3030
In base 5, what is 430242 - 121?
430121
In base 2, what is 11 + -1011010000110100100?
-1011010000110100001
In base 16, what is -a16 + 1f?
-9f7
In base 13, what is 12 - 94b?
-939
In base 14, what is 5 + -145034?
-14502d
In base 12, what is -47 - -11b?
94
In base 5, what is 2 - -2110230?
2110232
In base 13, what is -2553 + -2?
-2555
In base 3, what is -22200 + 120220?
21020
In base 5, what is 202222 + 2?
202224
In base 9, what is 54 - -2841?
3005
In base 4, what is -11 - 320030?
-320101
In base 5, what is -4302 + -4121?
-13423
In base 3, what is -112022 + -111222111?
-112111210
In base 13, what is -4b689 - 5?
-4b691
In base 13, what is -112 - -66c?
55a
In base 15, what is -5 + 94a?
945
In base 12, what is -263a - 26?
-2664
In base 3, what is 202201200 + -2?
202201121
In base 6, what is 3220203 - 1?
3220202
In base 2, what is 1100100011100000000 - -11?
1100100011100000011
In base 14, what is 49510d + 3?
495112
In base 12, what is 34a9 - 0?
34a9
In base 2, what is -1 - 100101111101101?
-100101111101110
In base 3, what is 2 - -10021020?
10021022
In base 7, what is -242034 - 15?
-242052
In base 6, what is -30 + 450213?
450143
In base 9, what is -770 + -872?
-1752
In base 16, what is 3b3a + -8?
3b32
In base 9, what is -102601 + 0?
-102601
In base 5, what is 441 - 3001?
-2010
In base 3, what is -12 - 22000100010?
-22000100022
In base 15, what is 7 + 335?
33c
In base 8, what is -122 - 23643?
-23765
In base 4, what is 20 - -11303331?
11310011
In base 13, what is 15 - 1750?
-1738
In base 15, what is de6 + b?
e02
In base 5, what is 2341 - -213?
3104
In base 16, what is -6889 + -1b?
-68a4
In base 15, what is 4de - 72?
46c
In base 2, what is -1001010100 - -111?
-1001001101
In base 13, what is -2 - -4891?
488c
In base 14, what is ad22 - 6?
ad1a
In base 6, what is 325400 + -1?
325355
In base 5, what is 442 - 13233?
-12241
In base 13, what is 990 - -544?
1204
In base 7, what is 1 + 3054166?
3054200
In base 13, what is -2074a - 0?
-2074a
In base 13, what is 181 - 81?
100
In base 14, what is 4 - 5210?
-520a
In base 7, what is -5233 - -31?
-5202
In base 15, what is -47 + -4cd?
-525
In base 8, what is 10327 - 13?
10314
In base 5, what is 33 + -42043?
-42010
In base 5, what is 4 + -203201?
-203142
In base 14, what is 103 - -944?
a47
In base 16, what is -a + 624b?
6241
In base 12, what is -32 + 47b?
449
In base 6, what is 14000131 + -4?
14000123
In base 14, what is -18a - 53c0?
-556a
In base 16, what is 35 + -139?
-104
In base 8, what is -12 + 572?
560
In base 8, what is 27 + 221000?
221027
In base 2, what is 1011000001111010 - -11110?
1011000010011000
In base 12, what is -2001 - 148?
-2149
In base 11, what is -4 + -11693?
-11697
In base 15, what is 1599 + -a?
158e
In base 3, what is -101100121 - -21202?
-101001212
In base 6, what is -133 - 44304?
-44441
In base 6, what is -51 - 4145?
-4240
In base 16, what is -1c2 + 2b81?
29bf
In base 7, what is -22122 + 22?
-22100
In base 7, what is -321462 + -51?
-321543
In base 15, what is 5 - -30a04?
30a09
In base 9, what is 17545 + 3?
17548
In base 10, what is -21492 + 54?
-21438
In base 15, what is 1804a - -4?
1804e
In base 7, what is 60411532 + -3?
60411526
In base 15, what is 982 + 4?
986
In base 13, what is 3 + -2b6bc?
-2b6b9
In base 9, what is -3 + -2866565?
-2866568
In base 14, what is -c + -5697?
-56a5
In base 11, what is 26624 - -1?
26625
In base 15, what is 10 + -883?
-873
In base 9, what is -652311 - 0?
-652311
In base 12, what is 2a + 1a?
48
In base 6, what is 21253150 - 4?
21253142
In base 7, what is -5 - 135500?
-135505
In base 13, what is 13586 - -73?
13629
In base 2, what is -10001110010101 + -1101?
-10001110100010
In base 13, what is -6 + -a564?
-a56a
In base 6, what is 11331 + 2434?
14205
In base 11, what is a4 + -121?
-28
In base 2, what is 11100010 - 10010100101?
-1111000011
In base 16, what is -10b8c + -3?
-10b8f
In base 10, what is -4 - 150456?
-150460
In base 10, what is -8 + -2522?
-2530
In base 8, what is 4 + -2742341?
-2742335
In base 16, what is 1a - 25dc4?
-25daa
In base 12, what is 125 + -48?
99
In base 7, what is -40 - 3636?
-4006
In base 9, what is 2 - 250382?
-250380
In base 13, what is -35a2 + -26?
-35c8
In base 15, what is 0 - 2d0?
-2d0
In base 3, what is 10121222 - 2200?
10112022
In base 16, what is 4 + -10d5?
-10d1
In base 14, what is a87 - -2?
a89
In base 9, what is 784 + 240?
1134
In base 13, what is b - 13985?
-13977
In base 14, what is -56 - 5c6?
-63c
In base 14, what is -12c9d - -73?
-12c2a
In base 11, what is 131a + 112a?
2449
In base 15, what is 1782e4 - 5?
1782de
In base 8, what is -5 + 470147?
470142
In base 7, what is -2 + 526664?
526662
In base 12, what is 89 + 172?
23b
In base 10, what is -19355 + -1?
-19356
In base 4, what is 1 - -10023121?
10023122
In base 10, what is -3 - -991?
988
In base 7, what is -135154 + 1?
-135153
In base 9, what is 260 - 3625?
-3355
In base 16, what is -911 + -5?
-916
In base 7, what is -263 + 13543?
13250
In base 11, what is -3161 - -1a?
-3142
In base 7, what is -4 + 2121624?
2121620
In base 3, what is -1012 + 1200102?
1122020
In base 15, what is 3ddc - 3?
3dd9
In base 2, what is 1000111 - 101111001010010?
-101111000001011
In base 3, what is 200021220102 - -12?
200021220121
In base 8, what is 237 + -7756?
-7517
In base 8, what is 130274 + 15?
130311
In base 10, what is 45 + 1124?
1169
In base 4, what is -2 + 310221202?
310221200
In base 12, what is -5 + -111b?
-1124
In base 11, what is 715339 + 1?
71533a
In base 4, what is 320 - -100222?
101202
In base 15, what is -29d0 + 277?
-2758
In base 9, what is 3635 - 104?
3531
In base 7, what is 130 - -1023?
1153
In base 6, what is 134352 - -2?
134354
In base 5, what is -32 + -1040?
-1122
In base 7, what is 3030341 - -4?
3030345
In base 14, what is -b0b + 29?
-ac2
In base 7, what is -4 - 161451?
-161455
In base 6, what is 413223 + 2?
413225
In base 7, what is -1313142 - 4?
-1313146
In base 9, what is 12735 + 50?
12785
In base 8, what is -3176113 + -4?
-3176117
In base 7, what is -3530365 + 0?
-3530365
In base 3, what is 100010 - -12102220?
12210000
In base 15, what is 25 + 360?
385
In base 4, what is -2022302 - -202?
-2022100
In base 8, what is 7032002 - -4?
7032006
In base 14, what is -19 + -aa5?
-ac0
In base 13, what is -266b - a?
-2678
In base 10, what is -29261 + -7?
-29268
In base 2, what is -1100111110101 - -10?
-1100111110011
In base 5, what is 42 - 210040?
-204443
In base 16, what is -67 + -cee?
-d55
In base 13, what is -4 - 6275?
-6279
In base 13, what is 4506 - -4?
450a
In base 4, what is -121231 - -213?
-121012
In base 9, what is 8 + -4556?
-4547
In base 6, what is 3 - 3111233?
-3111230
In base 3, what is -210221010 + 22?
-210220211
In base 10, what is 2 - -3782?
3784
In base 2, what is -101 + 1011010101101111000?
1011010101101110011
In base 13, what is -25